e units digit of 188324?
4
What is the tens digit of 2444466?
6
What is the millions digit of 2588651?
2
What is the tens digit of 1874714?
1
What is the units digit of 4661420?
0
What is the thousands digit of 1263211?
3
What is the units digit of 343051?
1
What is the hundreds digit of 2516022?
0
What is the thousands digit of 11679454?
9
What is the thousands digit of 250604?
0
What is the ten thousands digit of 1821964?
2
What is the thousands digit of 1342925?
2
What is the ten thousands digit of 6218700?
1
What is the millions digit of 1894210?
1
What is the units digit of 740498?
8
What is the hundred thousands digit of 197691?
1
What is the units digit of 9308819?
9
What is the ten thousands digit of 294988?
9
What is the hundreds digit of 8271723?
7
What is the tens digit of 1111406?
0
What is the hundreds digit of 2405294?
2
What is the hundreds digit of 1927017?
0
What is the hundred thousands digit of 5805125?
8
What is the thousands digit of 3593207?
3
What is the hundred thousands digit of 2546782?
5
What is the tens digit of 881907?
0
What is the hundreds digit of 109164?
1
What is the millions digit of 4756092?
4
What is the hundreds digit of 1321270?
2
What is the thousands digit of 10287032?
7
What is the ten thousands digit of 1545509?
4
What is the thousands digit of 348576?
8
What is the hundreds digit of 4906928?
9
What is the millions digit of 1050193?
1
What is the units digit of 1769665?
5
What is the thousands digit of 568281?
8
What is the hundred thousands digit of 13702706?
7
What is the ten thousands digit of 6264425?
6
What is the thousands digit of 1376405?
6
What is the thousands digit of 51417?
1
What is the units digit of 487219?
9
What is the ten thousands digit of 3117239?
1
What is the hundreds digit of 2265272?
2
What is the millions digit of 9900704?
9
What is the hundreds digit of 501386?
3
What is the ten thousands digit of 554258?
5
What is the hundreds digit of 1159974?
9
What is the tens digit of 10637848?
4
What is the hundreds digit of 34576499?
4
What is the hundreds digit of 2597060?
0
What is the hundreds digit of 144772?
7
What is the thousands digit of 165935?
5
What is the units digit of 21218866?
6
What is the ten thousands digit of 13873?
1
What is the ten thousands digit of 59716?
5
What is the tens digit of 12292354?
5
What is the hundred thousands digit of 154630?
1
What is the units digit of 11373477?
7
What is the units digit of 1599471?
1
What is the units digit of 9221793?
3
What is the tens digit of 496614?
1
What is the units digit of 1842074?
4
What is the thousands digit of 205678?
5
What is the hundreds digit of 656523?
5
What is the millions digit of 4787765?
4
What is the ten thousands digit of 649856?
4
What is the thousands digit of 645644?
5
What is the tens digit of 352856?
5
What is the thousands digit of 499411?
9
What is the ten thousands digit of 2973572?
7
What is the tens digit of 13408195?
9
What is the thousands digit of 3165517?
5
What is the hundreds digit of 6735274?
2
What is the hundreds digit of 320616?
6
What is the ten thousands digit of 4568816?
6
What is the thousands digit of 46965?
6
What is the ten thousands digit of 7840815?
4
What is the ten thousands digit of 37570?
3
What is the ten thousands digit of 127908?
2
What is the tens digit of 68029?
2
What is the hundred thousands digit of 4689200?
6
What is the units digit of 129770?
0
What is the hundred thousands digit of 1418576?
4
What is the millions digit of 16796892?
6
What is the ten thousands digit of 107225?
0
What is the hundred thousands digit of 2456758?
4
What is the hundreds digit of 259851?
8
What is the thousands digit of 911017?
1
What is the hundred thousands digit of 2589482?
5
What is the thousands digit of 1735519?
5
What is the hundreds digit of 2649843?
8
What is the hundreds digit of 216400?
4
What is the hundreds digit of 21894141?
1
What is the thousands digit of 30396368?
6
What is the thousands digit of 6204125?
4
What is the hundreds digit of 1535501?
5
What is the ten thousands digit of 133228?
3
What is the tens digit of 988559?
5
What is the ten thousands digit of 15356600?
5
What is the ten thousands digit of 29160045?
6
What is the hundred thousands digit of 397343?
3
What is the ten thousands digit of 13966345?
6
What is the thousands digit of 33443877?
3
What is the hundred thousands digit of 4619535?
6
What is the hundred thousands digit of 2258583?
2
What is the units digit of 35655289?
9
What is the tens digit of 4324776?
7
What is the hundred thousands digit of 1342065?
3
What is the ten thousands digit of 535390?
3
What is the ten millions digit of 26478148?
2
What is the tens digit of 346710?
1
What is the thousands digit of 72636?
2
What is the ten millions digit of 22850900?
2
What is the thousands digit of 4611286?
1
What is the units digit of 5061512?
2
What is the hundreds digit of 573995?
9
What is the ten thousands digit of 132778?
3
What is the hundreds digit of 2696859?
8
What is the tens digit of 19468599?
9
What is the hundred thousands digit of 19034937?
0
What is the tens digit of 346163?
6
What is the tens digit of 80387?
8
What is the units digit of 509717?
7
What is the tens digit of 1396869?
6
What is the hundreds digit of 2684677?
6
What is the hundreds digit of 6636755?
7
What is the units digit of 862573?
3
What is the ten thousands digit of 5598749?
9
What is the hundreds digit of 209509?
5
What is the thousands digit of 2569084?
9
What is the ten thousands digit of 346325?
4
What is the hundred thousands digit of 487147?
4
What is the thousands digit of 22228944?
8
What is the millions digit of 4159728?
4
What is the tens digit of 3337965?
6
What is the hundreds digit of 410815?
8
What is the ten millions digit of 14503956?
1
What is the hundred thousands digit of 186334?
1
What is the hundred thousands digit of 3151584?
1
What is the hundred thousands digit of 15340421?
3
What is the tens digit of 65466?
6
What is the thousands digit of 215504?
5
What is the hundreds digit of 482505?
5
What is the hundreds digit of 22633?
6
What is the hundreds digit of 6931720?
7
What is the millions digit of 2866074?
2
What is the millions digit of 3084414?
3
What is the ten millions digit of 29054418?
2
What is the millions digit of 1907110?
1
What is the units digit of 138194?
4
What is the hundreds digit of 181723?
7
What is the thousands digit of 226521?
6
What is the tens digit of 471886?
8
What is the thousands digit of 96184?
6
What is the ten thousands digit of 41633?
4
What is the hundred thousands digit of 649935?
6
What is the units digit of 68173?
3
What is the units digit of 572028?
8
What is the thousands digit of 320462?
0
What is the tens digit of 648191?
9
What is the hundred thousands digit of 13264296?
2
What is the tens digit of 11046625?
2
What is the millions digit of 2320032?
2
What is the thousands digit of 19631190?
1
What is the tens digit of 2942451?
5
What is the tens digit of 996234?
3
What is the millions digit of 1159220?
1
What is the hundred thousands digit of 625569?
6
What is the millions digit of 20553612?
0
What is the thousands digit of 22809?
2
What is the units digit of 8064129?
9
What is the hundreds digit of 308324?
3
What is the hundred thousands digit of 19116950?
1
What is the tens digit of 1664997?
9
What is the thousands digit of 2190599?
0
What is the millions digit of 1199866?
1
What is the thousands digit of 1842149?
2
What is the ten millions digit of 25496158?
2
What is the tens digit of 880240?
4
What is the units digit of 2656642?
2
What is the millions digit of 6394101?
6
What is the hundred thousands digit of 2819662?
8
What is the ten thousands digit of 104766?
0
What is the hundreds digit of 15957360?
3
What is the ten thousands digit of 701223?
0
What is the tens digit of 692361?
6
What is the ten thousands digit of 6593612?
9
What is the thousands digit of 546664?
6
What is the hundred thousands digit of 11661218?
6
What is the thousands digit of 108239?
8
What is the tens digit of 20016370?
7
What is the hundred thousands digit of 7216902?
2
What is the tens digit of 2418672?
7
What is the tens digit of 185851?
5
What is the tens digit of 5264600?
0
What is the thousands digit of 50503?
